common factor of 418 and 6764?
38
What is the greatest common divisor of 5617 and 137?
137
Calculate the greatest common factor of 365 and 5.
5
What is the greatest common factor of 87 and 5568?
87
Calculate the highest common divisor of 60 and 25.
5
Calculate the greatest common divisor of 105 and 2100.
105
What is the highest common divisor of 1517 and 41?
41
What is the highest common divisor of 360 and 1520?
40
What is the greatest common factor of 885 and 1416?
177
Calculate the greatest common factor of 41 and 10537.
41
What is the greatest common factor of 145 and 10?
5
Calculate the greatest common divisor of 72 and 1968.
24
What is the highest common factor of 16 and 3376?
16
What is the highest common factor of 34 and 272?
34
What is the highest common divisor of 93 and 31?
31
What is the greatest common factor of 3367 and 637?
91
What is the highest common divisor of 50 and 145?
5
Calculate the highest common divisor of 594 and 264.
66
What is the greatest common divisor of 3439 and 133?
19
Calculate the highest common factor of 10481 and 47.
47
Calculate the highest common divisor of 801 and 1869.
267
Calculate the highest common factor of 391 and 368.
23
Calculate the greatest common factor of 184 and 24.
8
What is the highest common divisor of 279 and 9?
9
What is the highest common divisor of 72 and 1458?
18
What is the greatest common divisor of 442 and 119?
17
Calculate the highest common factor of 9522 and 18.
18
What is the highest common factor of 52 and 5?
1
Calculate the greatest common divisor of 252 and 9.
9
Calculate the greatest common factor of 423 and 282.
141
What is the greatest common divisor of 51 and 417?
3
Calculate the highest common divisor of 445 and 2581.
89
Calculate the greatest common factor of 25 and 535.
5
Calculate the greatest common divisor of 1263 and 9.
3
Calculate the highest common factor of 176 and 396.
44
What is the highest common factor of 290 and 116?
58
What is the greatest common factor of 168 and 9600?
24
Calculate the highest common factor of 7 and 77.
7
Calculate the greatest common divisor of 114 and 12.
6
Calculate the greatest common factor of 14 and 224.
14
What is the greatest common factor of 2 and 13282?
2
Calculate the highest common factor of 52 and 208.
52
What is the highest common divisor of 485 and 97?
97
What is the highest common factor of 304 and 32?
16
What is the greatest common factor of 1764 and 450?
18
Calculate the greatest common factor of 55 and 4444.
11
What is the highest common factor of 462 and 70?
14
What is the highest common divisor of 160 and 1760?
160
Calculate the highest common divisor of 2717 and 589.
19
What is the highest common divisor of 234 and 1152?
18
What is the highest common factor of 29 and 229?
1
Calculate the greatest common divisor of 17 and 50269.
17
What is the greatest common divisor of 1 and 19?
1
What is the greatest common factor of 1936 and 44?
44
What is the highest common factor of 1440 and 80?
80
What is the highest common factor of 6293 and 93?
31
Calculate the highest common divisor of 299 and 52.
13
What is the highest common divisor of 15 and 355?
5
Calculate the highest common factor of 56 and 1918.
14
Calculate the greatest common factor of 148 and 4.
4
What is the highest common factor of 5428 and 590?
118
What is the greatest common factor of 97 and 19109?
97
Calculate the highest common divisor of 81 and 297.
27
Calculate the greatest common divisor of 630 and 350.
70
What is the greatest common factor of 194 and 1261?
97
What is the highest common divisor of 22131 and 9?
9
What is the highest common factor of 3337 and 213?
71
What is the highest common factor of 12160 and 57?
19
What is the greatest common divisor of 46 and 115?
23
What is the greatest common divisor of 78 and 130?
26
Calculate the greatest common factor of 3340 and 60.
20
Calculate the greatest common factor of 3084 and 24.
12
Calculate the highest common divisor of 1775 and 5.
5
Calculate the highest common factor of 495 and 55.
55
Calculate the highest common factor of 2565 and 7980.
285
Calculate the greatest common factor of 314 and 4.
2
Calculate the greatest common divisor of 4788 and 336.
84
What is the greatest common divisor of 416 and 78?
26
What is the greatest common factor of 40 and 1896?
8
What is the greatest common divisor of 464 and 16?
16
What is the greatest common divisor of 3105 and 189?
27
What is the greatest common divisor of 224 and 70?
14
Calculate the greatest common divisor of 272 and 176.
16
What is the greatest common factor of 29993 and 89?
89
What is the greatest common factor of 171 and 45?
9
What is the highest common factor of 20 and 1210?
10
Calculate the highest common factor of 36 and 26244.
36
Calculate the greatest common divisor of 4 and 668.
4
Calculate the greatest common divisor of 22 and 1529.
11
What is the highest common factor of 2623 and 122?
61
Calculate the greatest common factor of 5 and 1745.
5
What is the greatest common divisor of 140 and 112?
28
What is the greatest common factor of 533 and 559?
13
What is the greatest common divisor of 3588 and 312?
156
What is the greatest common divisor of 58 and 6786?
58
What is the highest common divisor of 770 and 1050?
70
Calculate the greatest common factor of 80 and 1936.
16
What is the greatest common divisor of 1496 and 110?
22
What is the greatest common factor of 4 and 50?
2
Calculate the highest common factor of 28 and 44.
4
Calculate the highest common factor of 62 and 2976.
62
What is the highest common factor of 1830 and 345?
15
What is the highest common divisor of 18 and 423?
9
What is the greatest common divisor of 5729 and 4381?
337
Calculate the greatest common divisor of 22 and 3454.
22
Calculate the highest common divisor of 129 and 4773.
129
Calculate the highest common factor of 298 and 134398.
298
What is the highest common factor of 54 and 42?
6
Calculate the highest common divisor of 248 and 15128.
248
Calculate the highest common divisor of 27 and 126.
9
Calculate the greatest common factor of 3 and 6.
3
Calculate the highest common divisor of 13 and 832.
13
What is the greatest common factor of 36 and 28?
4
What is the greatest common divisor of 4431 and 168?
21
Calculate the highest common divisor of 2045 and 10.
5
What is the highest common divisor of 315 and 378?
63
Calculate the greatest common divisor of 9071 and 193.
193
Calculate the greatest common factor of 3509 and 29.
29
Calculate the highest common factor of 108 and 8.
4
What is the highest common divisor of 21584 and 304?
304
What is the greatest common factor of 35 and 2?
1
What is the greatest common divisor of 10 and 32?
2
What is the highest common factor of 388 and 20?
4
Calculate the greatest common factor of 28 and 36.
4
Calculate the highest common factor of 45 and 2055.
15
Calculate the highest common divisor of 10752 and 864.
96
Calculate the greatest common factor of 516 and 645.
129
What is the highest common factor of 32 and 2272?
32
Calculate the highest common factor of 33780 and 12.
12
Calculate the greatest common divisor of 5000 and 8.
8
What is the highest common factor of 352 and 11?
11
Calculate the highest common factor of 25333 and 329.
329
Calculate the greatest common factor of 2176 and 256.
128
What is the greatest common divisor of 20 and 892?
4
Calculate the greatest common divisor of 6885 and 170.
85
Calculate the greatest common factor of 1148 and 820.
164
What is the highest common factor of 17 and 221?
17
Calculate the greatest common divisor of 3550 and 100.
50
What is the highest common divisor of 111 and 3552?
111
What is the highest common divisor of 15 and 35?
5
What is the greatest common factor of 53 and 6943?
53
Calculate the highest common factor of 249 and 83.
83
Calculate the highest common factor of 36 and 774.
18
What is the greatest common divisor of 132 and 47388?
132
What is the highest common factor of 200 and 8?
8
Calculate the highest common factor of 702 and 78.
78
What is the highest common factor of 50 and 1950?
50
Calculate the greatest common factor of 3488 and 576.
32
What is the greatest common divisor of 23 and 23?
23
Calculate the greatest common factor of 410 and 750.
10
Calculate the highest common fa